mon divisor of 2782296 and 162.
54
What is the highest common divisor of 170752 and 1840?
368
What is the highest common factor of 18744 and 7920?
264
What is the highest common factor of 180517 and 873?
97
What is the highest common factor of 1274 and 1165073?
637
Calculate the greatest common divisor of 1623 and 1833449.
541
Calculate the highest common factor of 1239 and 13983.
177
What is the highest common divisor of 11575 and 3775?
25
Calculate the highest common divisor of 1 and 1401022.
1
Calculate the greatest common divisor of 2288 and 1408.
176
Calculate the greatest common divisor of 83711 and 97.
97
What is the highest common factor of 15622 and 26001?
107
What is the highest common divisor of 352 and 605?
11
Calculate the greatest common divisor of 2338 and 716597.
1169
What is the greatest common divisor of 14 and 2824724?
14
Calculate the greatest common divisor of 624 and 780.
156
Calculate the greatest common divisor of 18 and 1240560.
18
Calculate the greatest common factor of 1041911 and 13.
13
Calculate the highest common divisor of 132069 and 798.
399
Calculate the greatest common divisor of 130 and 85020.
130
What is the highest common factor of 3267 and 189?
27
What is the greatest common divisor of 36183 and 105?
21
Calculate the highest common factor of 225 and 441.
9
Calculate the highest common factor of 2168 and 84010.
542
Calculate the highest common divisor of 1196 and 34868.
92
Calculate the highest common divisor of 34047 and 819.
117
Calculate the greatest common divisor of 40 and 23752.
8
Calculate the greatest common divisor of 810 and 592785.
135
What is the greatest common divisor of 127032 and 8?
8
Calculate the greatest common factor of 8256 and 1088.
64
Calculate the highest common divisor of 791136 and 2304.
288
What is the highest common divisor of 16 and 1516?
4
Calculate the highest common factor of 45 and 36459.
9
Calculate the greatest common divisor of 1984 and 4898.
62
Calculate the greatest common divisor of 847 and 7161.
77
What is the highest common divisor of 24 and 14298?
6
What is the highest common divisor of 11277 and 9954?
63
What is the greatest common divisor of 53 and 85701?
53
What is the highest common divisor of 96 and 384?
96
Calculate the highest common divisor of 2 and 188.
2
What is the greatest common divisor of 108094 and 245?
49
What is the greatest common divisor of 107758 and 19264?
602
What is the greatest common divisor of 564 and 9252?
12
What is the greatest common factor of 3993 and 528?
33
What is the highest common divisor of 1810 and 261002?
362
Calculate the greatest common factor of 273 and 4459.
91
Calculate the highest common factor of 1257936 and 16.
16
Calculate the highest common factor of 143029 and 1527.
509
Calculate the highest common factor of 314 and 3454.
314
What is the greatest common factor of 28372 and 2132?
164
What is the greatest common factor of 13908 and 608?
76
What is the greatest common divisor of 225777 and 19?
19
Calculate the greatest common divisor of 6896 and 246101.
431
What is the highest common factor of 40960 and 240?
80
What is the greatest common factor of 8832 and 240?
48
What is the greatest common divisor of 92 and 3000649?
23
Calculate the greatest common factor of 32864 and 144.
16
What is the greatest common factor of 17424 and 111?
3
Calculate the highest common divisor of 3837 and 48.
3
Calculate the highest common divisor of 105289 and 633.
211
Calculate the highest common divisor of 1610 and 84042.
322
Calculate the highest common divisor of 448 and 41048.
56
What is the greatest common divisor of 1392 and 1320080?
464
What is the greatest common factor of 33 and 177584?
11
Calculate the greatest common divisor of 214340 and 140.
140
Calculate the greatest common factor of 38834 and 2.
2
What is the highest common factor of 41504 and 992?
32
What is the highest common factor of 37772 and 361?
19
Calculate the highest common divisor of 100575 and 8791.
149
What is the greatest common divisor of 3633 and 1057?
7
What is the greatest common divisor of 205010 and 19?
19
Calculate the highest common factor of 253721 and 6786.
377
Calculate the greatest common factor of 24 and 72966.
6
What is the greatest common divisor of 240 and 3539640?
120
What is the greatest common factor of 182 and 414869?
91
Calculate the highest common divisor of 11184 and 968.
8
Calculate the greatest common factor of 290 and 47930.
10
What is the greatest common factor of 140826 and 294?
294
Calculate the highest common divisor of 245857 and 94.
47
Calculate the highest common factor of 33 and 11495.
11
Calculate the greatest common divisor of 8 and 12096.
8
What is the greatest common divisor of 15932 and 4564?
28
Calculate the highest common divisor of 1825396 and 28.
4
Calculate the highest common factor of 64 and 31984.
16
Calculate the highest common factor of 8256 and 1419.
129
What is the greatest common factor of 1971 and 5?
1
What is the highest common divisor of 6232 and 504?
8
What is the greatest common factor of 612 and 20?
4
Calculate the highest common divisor of 680 and 13690.
10
What is the greatest common factor of 44 and 89793?
11
Calculate the greatest common divisor of 15 and 3903.
3
What is the greatest common factor of 97270 and 12330?
1370
What is the greatest common divisor of 13158584 and 8?
8
What is the highest common factor of 63000 and 56?
56
Calculate the highest common factor of 600 and 4300.
100
Calculate the greatest common divisor of 4980 and 17015.
415
Calculate the highest common factor of 89991 and 275.
11
What is the highest common factor of 70 and 82586?
14
What is the highest common factor of 175 and 62825?
175
Calculate the greatest common factor of 2167 and 22.
11
What is the highest common divisor of 16 and 23290768?
16
Calculate the greatest common divisor of 4730 and 57090.
110
Calculate the greatest common divisor of 6482 and 238.
14
Calculate the highest common factor of 316523 and 3464.
433
Calculate the greatest common divisor of 80 and 3996.
4
What is the highest common factor of 11986 and 3328?
26
What is the greatest common factor of 98 and 125783?
49
What is the greatest common divisor of 138075 and 42?
21
Calculate the greatest common divisor of 192 and 31264.
32
Calculate the greatest common factor of 546320 and 48.
16
Calculate the highest common divisor of 303 and 732351.
303
Calculate the greatest common factor of 42 and 8846810.
14
Calculate the highest common factor of 52 and 64337.
13
Calculate the greatest common factor of 9020 and 123.
41
What is the greatest common factor of 1254786 and 234?
78
Calculate the greatest common factor of 880 and 14575.
55
Calculate the highest common divisor of 7641 and 459.
27
Calculate the greatest common divisor of 1554 and 4620.
42
What is the highest common divisor of 1158336 and 36?
36
Calculate the greatest common factor of 989 and 270273.
23
Calculate the greatest common factor of 10450 and 160550.
950
What is the greatest common divisor of 40582 and 124898?
394
Calculate the highest common factor of 3660 and 25376.
244
Calculate the greatest common divisor of 4 and 18978.
2
Calculate the highest common divisor of 13 and 140374.
13
Calculate the highest common factor of 54320 and 59360.
560
Calculate the greatest common factor of 294 and 36554.
98
What is the greatest common divisor of 19530 and 48510?
630
Calculate the greatest common factor of 388 and 67124.
388
What is the highest common divisor of 472 and 1534?
118
Calculate the highest common divisor of 1377 and 891.
81
What is the highest common factor of 12 and 173193?
3
What is the highest common factor of 1176 and 1680?
168
What is the greatest common divisor of 52461 and 81?
27
What is the highest common factor of 395899 and 14?
7
Calculate the highest common divisor of 17 and 2203.
1
Calculate the highest common divisor of 1061672 and 24.
8
Calculate the highest common factor of 426 and 1824558.
426
Calculate the greatest common divisor of 24668 and 364.
28
Calculate the highest common factor of 2446783 and 787.
787
Calculate the highest common factor of 38435 and 5.
5
Calculate the greatest common factor of 4792 and 26.
2
Calculate the highest common factor of 1335570 and 18.
6